at is the greatest common factor of h and 53?
53
Let y be 2490/(-10)*(1 + -2). Let d = y - 195. What is the greatest common factor of d and 81?
27
Let m = -5927 - -7649. What is the greatest common divisor of 84 and m?
42
Let r be -9 + (-1329)/(-24) + (-9)/24. Calculate the highest common factor of r and 69.
23
Suppose 4*t - 461 = 307*a - 310*a, 2*a + t = 299. What is the greatest common factor of a and 371?
7
Suppose w + 3 + 6 = 0. Let d = -3 - w. Suppose -s + 20 = -d. Calculate the greatest common factor of s and 65.
13
Let j be 2/((-2)/(-3)) + -1. Suppose 3*q - 6*g = -4*g + 26, j*q - 22 = -g. What is the greatest common factor of 2 and q?
2
Suppose -5*r + 41 = 5*f - 4, -3*r = -15. Suppose f*c = 5*o - 35, -c + 28 = 4*o + 3*c. What is the greatest common divisor of o and 4?
1
Let j = 3967 - 3760. What is the greatest common divisor of j and 253?
23
Let s be (-22)/(-88) + (-31)/(-4). Let y be 97/9 - s/(-216)*6. Calculate the greatest common divisor of 77 and y.
11
Suppose -128*t + 8250 = 37*t. What is the highest common factor of 70 and t?
10
Let l = 11653 - 10240. Calculate the highest common divisor of l and 1256.
157
Let n = 305 + -305. Suppose 3*y - 58 - 151 = -4*k, n = 5*y - 2*k - 383. Calculate the greatest common factor of 3 and y.
3
Suppose 5208 = -32*l - 2664. Let a = 255 + l. Calculate the greatest common divisor of 63 and a.
9
Let i = 926 + -928. Let m be 56368/494 + i*1/19. Calculate the greatest common factor of 266 and m.
38
Let z(r) = -109*r**3 + 3*r + 2. Let l = 95 + -96. Let x be z(l). Let s = x - 91. Calculate the highest common divisor of 17 and s.
17
Let v be ((-12)/7)/(8/(-84)). Let z be (-13 + 2)/(-2*(-3)/(-6)). Suppose 10*p = z*p - 9. What is the greatest common divisor of p and v?
9
Let o(q) = -8*q - 51. Let d(g) = 2*g**3 + 4*g**2 + 6. Let f be d(-3). Let m be o(f). What is the greatest common divisor of 45 and m?
45
Let o = -4418 - -4573. Calculate the highest common factor of 35 and o.
5
Suppose 141*r = -119*r + 279*r - 606727. What is the highest common divisor of 22 and r?
11
Let m(u) = -2*u**2 - 9 + 19*u - 8*u**2 + 40 - 8*u + u**3. Let q be m(9). What is the highest common divisor of q and 7?
7
Let c(y) = 43*y + 198. Let o be c(-16). Let u be (-3)/(-7) - 10080/o. Suppose -5*z + 0*z + 140 = 0. Calculate the greatest common factor of u and z.
7
Let a be (-6909)/(-105) + (-4)/(-20). Suppose a*k - 972 = 63*k. What is the greatest common factor of k and 12?
12
Let u(m) = m**3 + 16*m**2 + 64*m + 22. Let g be u(-7). Let f = 1943 + -1238. Calculate the highest common factor of g and f.
15
Let h(w) = 5*w**2 + 14*w - 46. Let j(q) = -2*q**2 - 8*q + 23. Let c(t) = -3*h(t) - 7*j(t). Let z be c(11). What is the highest common factor of 70 and z?
10
Let j(m) = 4*m**2 + 30*m - 12. Let z be j(-8). Suppose -4*p = 4*f - 88, -3*f + 83 - 19 = z*p. Calculate the highest common factor of f and 384.
24
Let h = -58 - -85. Suppose 0 = -h*d + 16*d + 165. What is the highest common factor of d and 165?
15
Let a(y) = y**3 - y**2 + 1. Let b be a(2). Suppose k - 2457 = -12*k. Suppose b*v - 4*v = k. What is the greatest common factor of 21 and v?
21
Let r = -223 - 62. Let i = -439 - r. Let g = -19 - i. Calculate the greatest common divisor of 27 and g.
27
Let r be (-69)/51 + 1 - (-355500)/2686. Let m(j) = 3*j**3 - 3*j**2 + 5*j + 5. Let y be m(5). Calculate the greatest common divisor of y and r.
66
Let x(h) = -4*h**2 - 140*h + 52. Let s be x(-26). Calculate the highest common factor of 95 and s.
19
Let c be -6*(9982/(-744) + (-3)/(-4)). Calculate the highest common divisor of c and 912.
76
Let z = -7 + 18. Let p = 36 - 37. Let u be (1/2 + 5)*(9 + p). What is the greatest common divisor of u and z?
11
Let p = 373 + -243. Suppose 7*h = 1093 - 281. Suppose -2*j + 4*l = -h, 34*l - 275 = -5*j + 39*l. Calculate the greatest common divisor of j and p.
26
Let c(s) = -42*s**2 + s + 2. Let i be c(2). Let m be -4 - (i/12 - 3/9). Suppose 0 = m*b - 13*b + 240. What is the highest common factor of b and 10?
10
Suppose -z - 88 = -3*z. Let q be ((-3)/((-30)/88))/((-206)/(-5150)). What is the greatest common divisor of q and z?
44
Suppose 3*a + 3*v - 5817 = 0, 9*a - 13*a - 3*v = -7760. Calculate the greatest common divisor of a and 348.
29
Let s = 1142 + 208. Calculate the greatest common factor of s and 210.
30
Suppose -66 = 7*i - 4*i. Let p = 32 + i. Let c = -3224 + 3274. What is the greatest common factor of p and c?
10
Let h = -79 - -127. Suppose 196 = -9*u - 893. Let z = u + 181. Calculate the highest common factor of z and h.
12
Suppose 3*q - 2*u - 49 - 216 = 0, 3*q + 2*u - 269 = 0. Calculate the highest common factor of 4717 and q.
89
Let x be ((-3876)/(-95) + -19)/(2/70). What is the greatest common divisor of x and 7?
7
Suppose -5*j = -5, -3*p = -5*j - 131 - 149. Suppose b = -1, 0*m - 5*b = -3*m + p. Suppose 15*v = 14*v + m. Calculate the highest common divisor of v and 15.
15
Let d(i) = 11*i**3 - 2*i**2 + 2*i - 1. Let j be d(1). Suppose 0 = l - 5, 94*l = 5*p + 98*l - 345. Calculate the greatest common divisor of j and p.
5
Let i = 2627 - 2557. Calculate the highest common factor of i and 1442.
14
Suppose -3*d = -6*d + 150. Suppose 4*h + d = w - 82, -3*h = 6. What is the highest common factor of 310 and w?
62
Let p be 1671324/2064 - ((-1)/(-4))/(-1). Calculate the highest common factor of 48 and p.
6
Suppose x - 3611 = 3*b - 7*b, -4*x - 20 = 0. Calculate the highest common divisor of b and 1695.
113
Let u(c) = 3*c**2 + 34*c - 27. Let l be u(11). What is the highest common factor of 70 and l?
10
Let k = 7467 - 4476. Calculate the greatest common factor of 6 and k.
3
Let y be (-522)/54*(-555 - -12). Calculate the highest common divisor of 29 and y.
29
Let f be (1 - -28423) + ((-832)/96 - 10/(-6)). What is the highest common divisor of 181 and f?
181
Let c(h) = -2*h**3 + 57*h**2 - 33*h + 527. Let l be c(28). Calculate the highest common factor of 144 and l.
9
Let z(o) = -8*o - 52. Suppose 11*n = -22 - 55. Let v be z(n). Calculate the greatest common divisor of v and 12.
4
Suppose -5*g - 25 = 0, 44*f = 48*f - 4*g - 180. Suppose 3*k + 5*d - 42 = d, -2*k - 5*d + 35 = 0. What is the greatest common divisor of k and f?
10
Let t(f) = 2*f**3 + 9*f**2 + 7*f - 41. Let u be t(3). What is the greatest common divisor of u and 85?
5
Suppose 0 = 38*l - 35*l - 26292. What is the greatest common divisor of 112 and l?
28
Let b be -2 + 5 + (5/(-5) - 59). Let w = -32 - b. Suppose 0 = -t + 3, 2*u - 17 = -3*t + 2. What is the greatest common divisor of w and u?
5
Let d(j) = -10*j - 3. Let p be d(-2). Suppose 48*u - 53*u + 336 = -2*a, 3*u = -a + 206. What is the highest common factor of u and p?
17
Suppose 17*r + 7*n = 16*r + 5327, 3*r + n - 16001 = 0. Calculate the greatest common divisor of 14 and r.
14
Let g be 211/3 + 9/(-27). Let y be (18 + -12)*(-10)/(-3). What is the greatest common factor of y and g?
10
Let s be (-27*(-130)/(-30))/(-1). Suppose 9*h - 8*h - 13 = 0. Calculate the greatest common divisor of s and h.
13
Let n(a) = 3*a - 1. Let b be n(5). Let h = -2 + -13. Let p be (6/(-4) + -1)*12/h. Calculate the highest common factor of p and b.
2
Let c = -55 + 59. Let y be -2 + 7 + (-8)/c. Suppose -y*j - 453 = -3*r, -7*r + 752 = -2*r - 2*j. Calculate the greatest common divisor of r and 30.
30
Let q(f) = 43 + 32 - 93*f + 59 - 24 + 21. Let d be q(-8). Calculate the highest common factor of 35 and d.
35
Let o = 4559 - 4557. Let y = -26 + 58. Suppose -4*d = -o*d - y. What is the greatest common factor of 176 and d?
16
Suppose -h = -8*h + 308. Suppose 290 = 49*x - h*x. Suppose 4*b - 14 = x. Calculate the greatest common factor of b and 2.
2
Suppose 0 = -6*g + 38 - 2. Suppose -8*a + 82 = -g*a. Let s = a - 35. What is the highest common divisor of 3 and s?
3
Suppose -464 = -5*s + 6*o, 0 = 4*s - 4*o - 116 - 260. Suppose 137 = 2*t + 37. What is the highest common factor of s and t?
50
Let p(o) = -o**3 + 33*o**2 - 111*o + 71. Let m be p(29). What is the highest common divisor of 21816 and m?
216
Let p = 19639 - 19608. Calculate the greatest common factor of 16213 and p.
31
Suppose 3*o + 131 = g - 2299, o + 7330 = 3*g. Suppose -26*v - 755 = -g. Calculate the greatest common factor of v and 715.
65
Let a(n) = 250*n**3 - n**2 + 6*n - 12. Let p be a(4). Suppose -41*y = 3450 - p. 